{"id":668,"date":"2023-01-13T15:12:21","date_gmt":"2023-01-13T15:12:21","guid":{"rendered":"https:\/\/turisticosdetexmelucan.com\/?page_id=668"},"modified":"2023-01-13T15:12:23","modified_gmt":"2023-01-13T15:12:23","slug":"sobre-nosotros","status":"publish","type":"page","link":"https:\/\/turisticosdetexmelucan.com\/index.php\/sobre-nosotros\/","title":{"rendered":"Sobre nosotros"},"content":{"rendered":"\n<p><\/p>\n\n\n\n<p>Somos la mejor opci\u00f3n en renta de autobuses y camionetas sprinter para viajes, peregrinaciones, visitas, transporte escolar y de personal, visitas a centros recreativos, etc. Disfruta de las mejores vacaciones, cuenta con la seguridad de un traslado seguro para los ejecutivos de tu empresa, siempre con la confianza y comodidad de nuestras unidades.<\/p>\n\n\n\n<p>Contamos con una amplia experiencia en el ramo, mantenemos un serio compromiso con la puntualidad, la seguridad y la buena atenci\u00f3n a lo largo de todo tu viaje.<\/p>\n\n\n\n<p>A lo largo de varios a\u00f1os hemos recorrido las carreteras del pa\u00eds contigo, nos sentimos satisfechos con el servicio que te brindamos, aunque siempre buscamos la forma de mejorarlo continuamente, nuestra prioridad es tu satisfacci\u00f3n, por ellos agradecemos permanentemente tu preferencia.<\/p>\n\n\n\n<p>Misi\u00f3n:<br><br>Siempre nos ocupamos de la puntualidad y la seguridad durante tu viaje, esta ha sido nuestra carta de recomendaci\u00f3n, adem\u00e1s; pensando en satisfacci\u00f3n dise\u00f1amos los mejores planes de viaje para que tu experiencia sea al m\u00e1ximo.<\/p>\n","protected":false},"excerpt":{"rendered":"<p>Somos la mejor opci\u00f3n en renta de autobuses y camionetas sprinter para viajes, peregrinaciones, visitas, transporte escolar y de personal, visitas a centros recreativos, etc. Disfruta de las mejores vacaciones, cuenta con la seguridad de un traslado seguro para los<\/p>\n","protected":false},"author":1,"featured_media":669,"parent":0,"menu_order":0,"comment_status":"closed","ping_status":"closed","template":"","meta":{"footnotes":""},"class_list":["post-668","page","type-page","status-publish","has-post-thumbnail","hentry"],"yoast_head":"<!-- This site is optimized with the Yoast SEO plugin v21.8 - https:\/\/yoast.com\/wordpress\/plugins\/seo\/ -->\n<title>Sobre nosotros - Tur\u00edsticos de Texmelucan<\/title>\n<meta name=\"robots\" content=\"index, follow, max-snippet:-1, max-image-preview:large, max-video-preview:-1\" \/>\n<link rel=\"canonical\" href=\"https:\/\/turisticosdetexmelucan.com\/index.php\/sobre-nosotros\/\" \/>\n<meta property=\"og:locale\" content=\"es_MX\" \/>\n<meta property=\"og:type\" content=\"article\" \/>\n<meta property=\"og:title\" content=\"Sobre nosotros - Tur\u00edsticos de Texmelucan\" \/>\n<meta property=\"og:description\" content=\"Somos la mejor opci\u00f3n en renta de autobuses y camionetas sprinter para viajes, peregrinaciones, visitas, transporte escolar y de personal, visitas a centros recreativos, etc. Disfruta de las mejores vacaciones, cuenta con la seguridad de un traslado seguro para los\" \/>\n<meta property=\"og:url\" content=\"https:\/\/turisticosdetexmelucan.com\/index.php\/sobre-nosotros\/\" \/>\n<meta property=\"og:site_name\" content=\"Tur\u00edsticos de Texmelucan\" \/>\n<meta property=\"article:modified_time\" content=\"2023-01-13T15:12:23+00:00\" \/>\n<meta property=\"og:image\" content=\"https:\/\/turisticosdetexmelucan.com\/wp-content\/uploads\/2023\/01\/2.png\" \/>\n\t<meta property=\"og:image:width\" content=\"295\" \/>\n\t<meta property=\"og:image:height\" content=\"203\" \/>\n\t<meta property=\"og:image:type\" content=\"image\/png\" \/>\n<meta name=\"twitter:card\" content=\"summary_large_image\" \/>\n<meta name=\"twitter:label1\" content=\"Tiempo de lectura\" \/>\n\t<meta name=\"twitter:data1\" content=\"1 minuto\" \/>\n<script type=\"application\/ld+json\" class=\"yoast-schema-graph\">{\"@context\":\"https:\/\/schema.org\",\"@graph\":[{\"@type\":\"WebPage\",\"@id\":\"https:\/\/turisticosdetexmelucan.com\/index.php\/sobre-nosotros\/\",\"url\":\"https:\/\/turisticosdetexmelucan.com\/index.php\/sobre-nosotros\/\",\"name\":\"Sobre nosotros - Tur\u00edsticos de Texmelucan\",\"isPartOf\":{\"@id\":\"https:\/\/turisticosdetexmelucan.com\/#website\"},\"datePublished\":\"2023-01-13T15:12:21+00:00\",\"dateModified\":\"2023-01-13T15:12:23+00:00\",\"breadcrumb\":{\"@id\":\"https:\/\/turisticosdetexmelucan.com\/index.php\/sobre-nosotros\/#breadcrumb\"},\"inLanguage\":\"es\",\"potentialAction\":[{\"@type\":\"ReadAction\",\"target\":[\"https:\/\/turisticosdetexmelucan.com\/index.php\/sobre-nosotros\/\"]}]},{\"@type\":\"BreadcrumbList\",\"@id\":\"https:\/\/turisticosdetexmelucan.com\/index.php\/sobre-nosotros\/#breadcrumb\",\"itemListElement\":[{\"@type\":\"ListItem\",\"position\":1,\"name\":\"Inicio\",\"item\":\"https:\/\/turisticosdetexmelucan.com\/index.php\/business-template\/\"},{\"@type\":\"ListItem\",\"position\":2,\"name\":\"Sobre nosotros\"}]},{\"@type\":\"WebSite\",\"@id\":\"https:\/\/turisticosdetexmelucan.com\/#website\",\"url\":\"https:\/\/turisticosdetexmelucan.com\/\",\"name\":\"Tur\u00edsticos de Texmelucan\",\"description\":\"Renta de autobuses en San Mart\u00edn Texmelucan\",\"publisher\":{\"@id\":\"https:\/\/turisticosdetexmelucan.com\/#organization\"},\"potentialAction\":[{\"@type\":\"SearchAction\",\"target\":{\"@type\":\"EntryPoint\",\"urlTemplate\":\"https:\/\/turisticosdetexmelucan.com\/?s={search_term_string}\"},\"query-input\":\"required name=search_term_string\"}],\"inLanguage\":\"es\"},{\"@type\":\"Organization\",\"@id\":\"https:\/\/turisticosdetexmelucan.com\/#organization\",\"name\":\"Tur\u00edsticos de Texmelucan\",\"url\":\"https:\/\/turisticosdetexmelucan.com\/\",\"logo\":{\"@type\":\"ImageObject\",\"inLanguage\":\"es\",\"@id\":\"https:\/\/turisticosdetexmelucan.com\/#\/schema\/logo\/image\/\",\"url\":\"https:\/\/turisticosdetexmelucan.com\/wp-content\/uploads\/2021\/05\/cropped-sp-logo-1.png\",\"contentUrl\":\"https:\/\/turisticosdetexmelucan.com\/wp-content\/uploads\/2021\/05\/cropped-sp-logo-1.png\",\"width\":80,\"height\":80,\"caption\":\"Tur\u00edsticos de Texmelucan\"},\"image\":{\"@id\":\"https:\/\/turisticosdetexmelucan.com\/#\/schema\/logo\/image\/\"}}]}<\/script>\n<!-- \/ Yoast SEO plugin. -->","yoast_head_json":{"title":"Sobre nosotros - Tur\u00edsticos de Texmelucan","robots":{"index":"index","follow":"follow","max-snippet":"max-snippet:-1","max-image-preview":"max-image-preview:large","max-video-preview":"max-video-preview:-1"},"canonical":"https:\/\/turisticosdetexmelucan.com\/index.php\/sobre-nosotros\/","og_locale":"es_MX","og_type":"article","og_title":"Sobre nosotros - Tur\u00edsticos de Texmelucan","og_description":"Somos la mejor opci\u00f3n en renta de autobuses y camionetas sprinter para viajes, peregrinaciones, visitas, transporte escolar y de personal, visitas a centros recreativos, etc. Disfruta de las mejores vacaciones, cuenta con la seguridad de un traslado seguro para los","og_url":"https:\/\/turisticosdetexmelucan.com\/index.php\/sobre-nosotros\/","og_site_name":"Tur\u00edsticos de Texmelucan","article_modified_time":"2023-01-13T15:12:23+00:00","og_image":[{"width":295,"height":203,"url":"https:\/\/turisticosdetexmelucan.com\/wp-content\/uploads\/2023\/01\/2.png","type":"image\/png"}],"twitter_card":"summary_large_image","twitter_misc":{"Tiempo de lectura":"1 minuto"},"schema":{"@context":"https:\/\/schema.org","@graph":[{"@type":"WebPage","@id":"https:\/\/turisticosdetexmelucan.com\/index.php\/sobre-nosotros\/","url":"https:\/\/turisticosdetexmelucan.com\/index.php\/sobre-nosotros\/","name":"Sobre nosotros - Tur\u00edsticos de Texmelucan","isPartOf":{"@id":"https:\/\/turisticosdetexmelucan.com\/#website"},"datePublished":"2023-01-13T15:12:21+00:00","dateModified":"2023-01-13T15:12:23+00:00","breadcrumb":{"@id":"https:\/\/turisticosdetexmelucan.com\/index.php\/sobre-nosotros\/#breadcrumb"},"inLanguage":"es","potentialAction":[{"@type":"ReadAction","target":["https:\/\/turisticosdetexmelucan.com\/index.php\/sobre-nosotros\/"]}]},{"@type":"BreadcrumbList","@id":"https:\/\/turisticosdetexmelucan.com\/index.php\/sobre-nosotros\/#breadcrumb","itemListElement":[{"@type":"ListItem","position":1,"name":"Inicio","item":"https:\/\/turisticosdetexmelucan.com\/index.php\/business-template\/"},{"@type":"ListItem","position":2,"name":"Sobre nosotros"}]},{"@type":"WebSite","@id":"https:\/\/turisticosdetexmelucan.com\/#website","url":"https:\/\/turisticosdetexmelucan.com\/","name":"Tur\u00edsticos de Texmelucan","description":"Renta de autobuses en San Mart\u00edn Texmelucan","publisher":{"@id":"https:\/\/turisticosdetexmelucan.com\/#organization"},"potentialAction":[{"@type":"SearchAction","target":{"@type":"EntryPoint","urlTemplate":"https:\/\/turisticosdetexmelucan.com\/?s={search_term_string}"},"query-input":"required name=search_term_string"}],"inLanguage":"es"},{"@type":"Organization","@id":"https:\/\/turisticosdetexmelucan.com\/#organization","name":"Tur\u00edsticos de Texmelucan","url":"https:\/\/turisticosdetexmelucan.com\/","logo":{"@type":"ImageObject","inLanguage":"es","@id":"https:\/\/turisticosdetexmelucan.com\/#\/schema\/logo\/image\/","url":"https:\/\/turisticosdetexmelucan.com\/wp-content\/uploads\/2021\/05\/cropped-sp-logo-1.png","contentUrl":"https:\/\/turisticosdetexmelucan.com\/wp-content\/uploads\/2021\/05\/cropped-sp-logo-1.png","width":80,"height":80,"caption":"Tur\u00edsticos de Texmelucan"},"image":{"@id":"https:\/\/turisticosdetexmelucan.com\/#\/schema\/logo\/image\/"}}]}},"_links":{"self":[{"href":"https:\/\/turisticosdetexmelucan.com\/index.php\/wp-json\/wp\/v2\/pages\/668","targetHints":{"allow":["GET"]}}],"collection":[{"href":"https:\/\/turisticosdetexmelucan.com\/index.php\/wp-json\/wp\/v2\/pages"}],"about":[{"href":"https:\/\/turisticosdetexmelucan.com\/index.php\/wp-json\/wp\/v2\/types\/page"}],"author":[{"embeddable":true,"href":"https:\/\/turisticosdetexmelucan.com\/index.php\/wp-json\/wp\/v2\/users\/1"}],"replies":[{"embeddable":true,"href":"https:\/\/turisticosdetexmelucan.com\/index.php\/wp-json\/wp\/v2\/comments?post=668"}],"version-history":[{"count":1,"href":"https:\/\/turisticosdetexmelucan.com\/index.php\/wp-json\/wp\/v2\/pages\/668\/revisions"}],"predecessor-version":[{"id":670,"href":"https:\/\/turisticosdetexmelucan.com\/index.php\/wp-json\/wp\/v2\/pages\/668\/revisions\/670"}],"wp:featuredmedia":[{"embeddable":true,"href":"https:\/\/turisticosdetexmelucan.com\/index.php\/wp-json\/wp\/v2\/media\/669"}],"wp:attachment":[{"href":"https:\/\/turisticosdetexmelucan.com\/index.php\/wp-json\/wp\/v2\/media?parent=668"}],"curies":[{"name":"wp","href":"https:\/\/api.w.org\/{rel}","templated":true}]}}